 are the prime factors of m?
41
Suppose -490 + 67 = -9*q. List the prime factors of q.
47
Suppose 0*c = 5*c + 3*a - 35, -14 = -2*c + a. Let n(d) = d**2 - 5*d - 10. List the prime factors of n(c).
2
Suppose 4*q - 9 + 1 = r, -5*q + 10 = -4*r. Suppose 0 = -r*j + 4*j. List the prime factors of 1*(-1 + j) + 9.
2
Let k(y) = y**3 - 7*y**2 + 3*y - 3. Let n be k(6). Let l = -13 - n. List the prime factors of l.
2
Suppose -i - 170 = 3*w - 6*w, 4*w = 4*i + 232. List the prime factors of w.
2, 7
Suppose -212 = -2*f - 2*w, 0 = -4*f + w - 2*w + 427. What are the prime factors of f?
107
Let g(s) = -2*s**3 + 3*s**2 + s - 2. Let m be g(2). List the prime factors of -20*-2*(-2)/m.
2, 5
Suppose n + 2*q = 5, 3*n + 5*q - 35 = -2*n. Suppose -n*t = -4*t - 80. What are the prime factors of t?
2
Suppose x + 2*m - 4*m = 0, -6 = x + 4*m. Let z(y) = 2*y**2 + 2. List the prime factors of z(x).
2, 5
Let u(l) = 106*l + 1. Let t be u(-1). List the prime factors of t/(-7) - 3*1.
2, 3
Let k = -13 - -13. Suppose 0*j + 2*j - 28 = k. What are the prime factors of j?
2, 7
Let o(a) = -5 + 20 - 4*a - a + 4*a + a**2. What are the prime factors of o(0)?
3, 5
Suppose -o + 2*m = -41, 5 = o - m - 39. What are the prime factors of o?
47
What are the prime factors of -2 - 2*1/(-2) - -61?
2, 3, 5
Suppose -2*v + 168 = -v. List the prime factors of v.
2, 3, 7
Let y = -5 + 6. Suppose 3*q + 4 - y = -d, -d + q = 3. List the prime factors of 3 + (-3)/3 - d.
5
Suppose -2*s + 741 = 187. What are the prime factors of s?
277
Let h(x) = -x**3 - 8*x**2 - 7*x. Let n be h(-7). Suppose d - 5 = -n*d. Suppose d*z - 3 - 32 = 0. List the prime factors of z.
7
What are the prime factors of 1 + 210 - (31 - 29)?
11, 19
Suppose -33 = -2*q + 29. List the prime factors of q.
31
Let r(p) = p**3 + 10*p**2 - p - 6. Let x be r(-10). Suppose 2*t - 4 = 6*t - x*h, -h = -3*t + 3. What are the prime factors of (10/8)/(t/16)?
2, 5
Suppose 2*b + 0 - 20 = 0. Let w be (-2 + 1)/(2/(-12)). Suppose 5*t = 3*g + 25, -t + b = -w*t - 4*g. What are the prime factors of t?
2
Let z(t) be the first derivative of 2*t**3 + t**2/2 - 3*t + 7. List the prime factors of z(-2).
19
Suppose -5*z + 2 = -7*z. Let n = z - -3. Suppose 4 = n*u - 0*u. What are the prime factors of u?
2
Suppose 4 - 10 = -2*v. Suppose 2*d - 20 = -5*t, t - 5*t + v = -d. List the prime factors of t.
2
Let z(u) = u**2 + 5*u - 4. Let g be z(-6). Let v(w) = -2*w + 0*w + 0 - 3 + w**g. List the prime factors of v(5).
2, 3
Suppose -3*t + 4*t - 13 = 0. Suppose 0 = -5*i + 3*g + t, 0 = i - 6*i + 5*g + 5. Suppose 16 = 3*o + i*f, -f + 51 = 5*o + 17. What are the prime factors of o?
7
List the prime factors of (2 - (-4 - -3))*7.
3, 7
Let q = -8 - -10. Let n be q/(-1)*(-22)/4. Suppose 4*a = -4*r + 60, 0*r + a = r - n. What are the prime factors of r?
13
Let c(w) = -33 + 68 + 5*w - 31 - w**2. Let q(x) = 4*x - 3. Let i be q(2). What are the prime factors of c(i)?
2
Let p(h) be the third derivative of h**5/60 - h**4/8 - h**3/6 + h**2. Let w = -7 - -11. What are the prime factors of p(w)?
3
Let s(i) = i**2 + 5*i - 2. Let q = -17 - -9. List the prime factors of s(q).
2, 11
What are the prime factors of -1 - (-4)/(16/116)?
2, 7
Suppose 2*n + 5*z = 3*n - 18, 2*n - 4*z - 12 = 0. Let q = n + 5. List the prime factors of q.
3
Let y(v) = 6*v - 6. Suppose -5*z + 0*n + 3*n + 26 = 0, n + 18 = 3*z. Let f be y(z). Suppose -2*r + f = r. What are the prime factors of r?
2, 3
Let l be (2/4)/(1/6). Suppose -2*m + 19 = -3*v, -m + 4*m - 36 = l*v. List the prime factors of m.
17
Let l = 2 - 0. What are the prime factors of l?
2
Let d = 10 - 17. Let b(f) = 3 + 0*f**2 - f**2 - 9*f - 10. List the prime factors of b(d).
7
Let d(m) = 5*m**2 - 4*m - 3. Suppose -3*k - 5*b - 30 = 2*k, 4*k + 20 = -3*b. List the prime factors of d(k).
5
Let b(x) = -x**2 + 0 + 2*x - 2 - x - 3*x**3 + 4*x**3. List the prime factors of b(2).
2
Suppose 2*t + 232 - 5 = 5*q, 2*q + t - 89 = 0. Suppose -4*x - 2*l + 7*l = -8, 2*l + 10 = 5*x. Suppose x*w = -w + q. List the prime factors of w.
3, 5
Suppose 5*q - 3*l - 67 = -14, 0 = -2*q - 5*l + 15. Suppose 0 = 13*z - q*z - 36. What are the prime factors of z?
2, 3
Suppose -r - 4 = -3, -m - 5 = r. Let y = 11 + m. List the prime factors of y.
7
Let f be (18/15)/(6/20). Let k(g) = 3*g + 2*g - 2*g + 3*g**2 - f*g. List the prime factors of k(2).
2, 5
Let b = 27 - 13. List the prime factors of b.
2, 7
Let v be (-4)/(-3)*(-2 + 5). Suppose -v*r + 12 = -2*r. What are the prime factors of r?
2, 3
Let h be (-3)/2*16/(-6). Suppose 2*o - 5*o + 6 = -2*w, 0 = -2*o + 4*w - h. List the prime factors of o.
2
Suppose -2*t + 0*t + 106 = 0. Let p = t - 17. List the prime factors of p.
2, 3
Let i(j) be the first derivative of 4*j**2 + j + 1/3*j**3 - 2. What are the prime factors of i(-9)?
2, 5
Let m(g) = 5*g - 13. Let q(t) = t**2 - 3*t - 7. Let h be q(-3). List the prime factors of m(h).
2, 3, 7
Let g = 34 - 64. What are the prime factors of (-12)/g - (-83)/5?
17
Let w = 105 - 38. List the prime factors of w.
67
Let p = 2 + -9. Let k(x) be the second derivative of x**4/12 + 5*x**3/6 - 7*x**2/2 - 2*x. List the prime factors of k(p).
7
Let k(z) = -3*z - 1. Let f(w) = -w**2 - 6*w - 5. Let n be f(-4). Let d be 3/6*n*-2. List the prime factors of k(d).
2
Suppose -4*o - 13 = 3*p, 3*p - 3*o - 23 = 2*o. Let c = 2 + p. Suppose -r - 8 = -c*r. What are the prime factors of r?
2
Let z = 23 + -8. Let q = -8 + z. List the prime factors of q.
7
Let j = 0 + -2. Let s be ((-3)/j)/(15/20). What are the prime factors of (42/9)/(s/3)?
7
Let a be (-480)/(-9) + (-2)/6. Let d = -28 + a. List the prime factors of d.
5
Let b(y) = -y**2 + 5*y - 2. Let n be b(4). Suppose -n*q + 66 = -32. What are the prime factors of q?
7
Let p be (-2)/(-5) + (-144)/10. List the prime factors of (-60)/p*(3 + 4).
2, 3, 5
Let d(m) = 4*m**3 + 3*m**2 - 3*m**3 + m**2 + m. What are the prime factors of d(-3)?
2, 3
Let l be (-10)/(-3 - (-5 - 0)). Let j = l - -16. What are the prime factors of j?
11
Let d be 4*7 + 0 + -2. Let r = d + -14. List the prime factors of r.
2, 3
Suppose 4*d - 11 = -5*j + 385, 4*d - 420 = j. What are the prime factors of d?
2, 13
Let f = -59 + 97. What are the prime factors of f?
2, 19
Let v(d) = -140*d**3 + d**2 + 2*d + 2. List the prime factors of v(-1).
3, 47
Let f(i) be the first derivative of -i**5/20 + i**4/6 + i**3/3 - 2*i - 1. Let s(v) be the first derivative of f(v). List the prime factors of s(2).
2
Let r be (36/30)/(1/5). Let t = r - 5. List the prime factors of (10 + -13)/(t/(-1)).
3
Suppose 6*q - q + 3*f = 35, -q + f - 1 = 0. Suppose 5*p - q*p - 5 = 3*i, 2*p - 3*i = -2. List the prime factors of ((-12)/p)/((-4)/(-14)).
2, 3
Suppose -4*u = -4*s - 40, -3*u - 5*s - 1 + 7 = 0. Suppose -l + 2 = -u. Let c = l - -7. What are the prime factors of c?
2
Suppose 0 = -5*t + 4*m - 2*m + 107, 0 = 3*t - 5*m - 68. Suppose -t - 11 = -s. List the prime factors of s.
2
Let y(f) = f**2 + 2. Let r be y(0). What are the prime factors of 2 + (29 - 6/r)?
2, 7
What are the prime factors of 1146/14 - 3/(-21)?
2, 41
Suppose -5*m = -2*x - 125, 3*m - 26 = 3*x + 40. List the prime factors of m.
3
Let h(w) = w**2 - 10*w + 2. Let x = -18 + 28. Let f be h(x). What are the prime factors of f/(1 - (-5)/(-6))?
2, 3
What are the prime factors of (-4)/22 + 2718/66?
41
Suppose 16 = 4*v - 0*v. Suppose -85 = -3*s + 5*a, a - 113 = -v*s + 31. Let q = s - 25. What are the prime factors of q?
2, 5
Let s(n) = n + 1. Let b be s(-8). Let a(y) = -2*y - 6. List the prime factors of a(b).
2
Suppose -440 - 456 = -4*d + 2*i, -d + 5*i = -206. List the prime factors of d.
2, 113
Suppose 0 = b - 7 - 5. Let k = b + 12. What are the prime factors of k?
2, 3
Let n = -16 + 6. What are the prime factors of n*(-3)/(-6)*-1?
5
Let m = 15 - -7. List the prime factors of m.
2, 11
Let g = -17 - -12. Let l = -2 - g. List the prime factors of l.
3
Let a be (-3*2)/(-2) - -1. Suppose 2*x + 0*d - 96 = -2*d, -a*x - 3*d = -193. List the prime factors of x.
7
Let w(g) = g**2 + 2*g - 12. Let z be w(-5). What are the prime factors of ((-4)/16)/(z/(-132))?
11
Let p = -10 + 29. List the prime factors of p.
19
List the prime factors of (-35)/(-10)*40/7.
2, 5
Let v = -6 + 6. Suppose 2*d = -v*d. Suppose 7*y - 4*y - 42 = d. What are the prime factors of y?
2, 7
Let x(s) = 6*s**2 + s + 1. List the prime facto